when 2175 is divided by 18.
15
Calculate the remainder when 27 is divided by 17.
10
Calculate the remainder when 513 is divided by 6.
3
Calculate the remainder when 1602 is divided by 92.
38
What is the remainder when 1528 is divided by 45?
43
What is the remainder when 2342 is divided by 47?
39
Calculate the remainder when 1982 is divided by 62.
60
What is the remainder when 126 is divided by 40?
6
Calculate the remainder when 409 is divided by 4.
1
What is the remainder when 85 is divided by 14?
1
What is the remainder when 172 is divided by 20?
12
What is the remainder when 308 is divided by 80?
68
Calculate the remainder when 7 is divided by 4.
3
What is the remainder when 127 is divided by 102?
25
What is the remainder when 233 is divided by 98?
37
Calculate the remainder when 44 is divided by 11.
0
Calculate the remainder when 146 is divided by 83.
63
Calculate the remainder when 112 is divided by 20.
12
What is the remainder when 727 is divided by 104?
103
What is the remainder when 46 is divided by 2?
0
What is the remainder when 274 is divided by 268?
6
What is the remainder when 829 is divided by 17?
13
Calculate the remainder when 1595 is divided by 42.
41
What is the remainder when 247 is divided by 18?
13
What is the remainder when 570 is divided by 14?
10
Calculate the remainder when 461 is divided by 66.
65
What is the remainder when 1367 is divided by 6?
5
What is the remainder when 65 is divided by 16?
1
What is the remainder when 497 is divided by 168?
161
Calculate the remainder when 1269 is divided by 16.
5
What is the remainder when 654 is divided by 198?
60
What is the remainder when 149 is divided by 30?
29
Calculate the remainder when 166 is divided by 79.
8
Calculate the remainder when 125 is divided by 60.
5
What is the remainder when 6246 is divided by 142?
140
Calculate the remainder when 152 is divided by 39.
35
What is the remainder when 311 is divided by 121?
69
What is the remainder when 200 is divided by 58?
26
Calculate the remainder when 217 is divided by 15.
7
Calculate the remainder when 2943 is divided by 24.
15
Calculate the remainder when 607 is divided by 185.
52
What is the remainder when 37 is divided by 7?
2
Calculate the remainder when 518 is divided by 17.
8
Calculate the remainder when 160 is divided by 44.
28
What is the remainder when 35 is divided by 8?
3
What is the remainder when 706 is divided by 59?
57
What is the remainder when 6363 is divided by 62?
39
Calculate the remainder when 959 is divided by 20.
19
What is the remainder when 1044 is divided by 75?
69
What is the remainder when 810 is divided by 29?
27
Calculate the remainder when 136 is divided by 17.
0
What is the remainder when 683 is divided by 177?
152
Calculate the remainder when 157 is divided by 33.
25
What is the remainder when 356 is divided by 123?
110
What is the remainder when 666 is divided by 54?
18
Calculate the remainder when 426 is divided by 11.
8
Calculate the remainder when 1667 is divided by 236.
15
Calculate the remainder when 857 is divided by 18.
11
Calculate the remainder when 23489 is divided by 54.
53
What is the remainder when 1307 is divided by 258?
17
Calculate the remainder when 1514 is divided by 109.
97
What is the remainder when 958 is divided by 64?
62
What is the remainder when 390 is divided by 17?
16
Calculate the remainder when 1735 is divided by 175.
160
Calculate the remainder when 1067 is divided by 134.
129
Calculate the remainder when 3319 is divided by 62.
33
What is the remainder when 4183 is divided by 14?
11
What is the remainder when 474 is divided by 120?
114
Calculate the remainder when 448 is divided by 45.
43
Calculate the remainder when 153 is divided by 15.
3
Calculate the remainder when 693 is divided by 87.
84
What is the remainder when 185 is divided by 63?
59
What is the remainder when 19797 is divided by 30?
27
What is the remainder when 287 is divided by 48?
47
Calculate the remainder when 1625 is divided by 74.
71
Calculate the remainder when 61 is divided by 16.
13
Calculate the remainder when 481 is divided by 65.
26
What is the remainder when 164 is divided by 63?
38
Calculate the remainder when 232 is divided by 75.
7
What is the remainder when 107 is divided by 43?
21
What is the remainder when 2562 is divided by 854?
0
What is the remainder when 4683 is divided by 22?
19
What is the remainder when 3142 is divided by 27?
10
What is the remainder when 13 is divided by 4?
1
What is the remainder when 644 is divided by 2?
0
What is the remainder when 578 is divided by 64?
2
What is the remainder when 678 is divided by 19?
13
What is the remainder when 2455 is divided by 91?
89
Calculate the remainder when 113 is divided by 39.
35
Calculate the remainder when 411 is divided by 55.
26
What is the remainder when 4426 is divided by 54?
52
What is the remainder when 84 is divided by 41?
2
What is the remainder when 1714 is divided by 1663?
51
Calculate the remainder when 366 is divided by 88.
14
Calculate the remainder when 20668 is divided by 7.
4
What is the remainder when 805 is divided by 16?
5
Calculate the remainder when 466 is divided by 31.
1
What is the remainder when 939 is divided by 157?
154
Calculate the remainder when 5263 is divided by 23.
19
Calculate the remainder when 361 is divided by 95.
76
Calculate the remainder when 189 is divided by 92.
5
Calculate the remainder when 50 is divided by 11.
6
What is the remainder when 16972 is divided by 207?
205
What is the remainder when 47 is divided by 12?
11
Calculate the remainder when 627 is divided by 45.
42
Calculate the remainder when 410 is divided by 18.
14
What is the remainder when 1775 is divided by 37?
36
Calculate the remainder when 57 is divided by 38.
19
What is the remainder when 257 is divided by 37?
35
Calculate the remainder when 96 is divided by 84.
12
Calculate the remainder when 172 is divided by 29.
27
What is the remainder when 4 is divided by 1?
0
What is the remainder when 834 is divided by 146?
104
What is the remainder when 1499 is divided by 36?
23
What is the remainder when 40 is divided by 9?
4
What is the remainder when 148 is divided by 141?
7
What is the remainder when 288 is divided by 97?
94
Calculate the remainder when 616 is divided by 18.
4
What is the remainder when 31 is divided by 18?
13
Calculate the remainder when 40 is divided by 21.
19
Calculate the remainder when 125 is divided by 34.
23
What is the remainder when 936 is divided by 447?
42
What is the remainder when 1642 is divided by 65?
17
What is the remainder when 1289 is divided by 423?
20
Calculate the remainder when 35 is divided by 24.
11
What is the remainder when 1583 is divided by 122?
119
Calculate the remainder when 596 is divided by 28.
8
Calculate the remainder when 2261 is divided by 31.
29
What is the remainder when 271 is divided by 69?
64
What is the remainder when 575 is divided by 123?
83
What is the remainder when 523 is divided by 105?
103
What is the remainder when 460 is divided by 21?
19
Calculate the remainder when 3518 is divided by 17.
16
Calculate the remainder when 431 is divided by 51.
23
Calculate the remainder when 324 is divided by 78.
12
Calculate the remainder when 444 is divided by 90.
84
What is the remainder when 41 is divided by 38?
3
Calculate the remainder when 195 is divided by 25.
20
What is the remainder when 485 is divided by 41?
34
What is the remainder when 374 is divided by 184?
6
What is the remainder when 471 is divided by 260?
211
What is the remainder when 1957 is divided by 56?
53
Calculate the remainder when 54 is divided by 19.
16
Calculate the remainder when 154 is divided by 78.
76
What is the remainder when 53 is divided by 29?
24
What is the remainder when 1220 is divided by 33?
32
What is the remainder when 1360 is divided by 27?
10
Calculate the remainder when 305 is divided by 33.
8
Calculate the remainder when 3315 is divided by 1099.
18
What is the remainder when 389 is divided by 65?
64
What is the remainder when 214 is divided by 214?
0
What is the remainder when 252 is divided by 120?
12
Calculate the remainder when 331 is divided by 84.
79
Calculate the remainder when 1528 is divided by 51.
49
What is the remainder when 599 is divided by 46?
1
W